 - 6. Suppose -f*i - 1508 = -7*i. Is i a prime number?
False
Let o be (3956/(-12))/((-2)/(-6)) - 0. Let m = -358 - o. Is m a composite number?
False
Let c(l) = 4741*l**3 - 2*l**2 - 50*l + 302. Is c(7) a prime number?
True
Let i(l) = 42 - l**3 - l**2 + 80 - 5*l + 173 + 1022. Is i(0) composite?
True
Suppose 11*d - 434823 = 1062640. Is d a composite number?
False
Suppose -z = -572 - 1131. Suppose 0 = -2*q - 3*g + 1676 + z, -g - 3383 = -2*q. Is q a prime number?
False
Suppose 3*x + 5*u - 344082 = 0, 2*x - 15*u = -13*u + 229372. Is x prime?
True
Let z(p) = -p**2 - 6*p - 5. Let w be z(-4). Suppose 0 = w*i - 9, -5*d + 4*i = i - 31786. Is d composite?
False
Suppose -11*y - 628723 = 33*y - 2672699. Is y prime?
False
Let s = 35324 - 2677. Is s composite?
False
Let n(h) = h**3 + 7*h**2 + 5*h - 12. Let c be n(-6). Is (0 + 46)*(1 + (-297)/c) a prime number?
False
Suppose 2*q - 11004 = -0*x + x, 4*x = 5*q - 27516. Suppose 3*r - 2801 = q. Is r a prime number?
True
Let p(h) = h**2 - 5*h - 40. Let i be p(9). Let b be i/10 - (-561)/(-85). Is -1 - b/(14/1854) prime?
False
Let s(n) = -76*n - 4 - 135*n - 144*n + 110*n. Is s(-33) prime?
True
Let b = -575 - -571. Is (-3 - -9)*(-1838)/b composite?
True
Let a = -1322 - -1538. Let h = 492 - 7. Let w = h - a. Is w a prime number?
True
Suppose 206087 = -4*q + 3*n, -51523 = 3*q - 2*q - 2*n. Let y = q + 76450. Is y a composite number?
True
Suppose -20*g + 199458 = 12*g - 601534. Is g a composite number?
False
Suppose p + 1798 = m, 14*p = 4*m + 9*p - 7195. Let c = m - 1268. Is c composite?
True
Suppose 2366*q + 356258 = 2368*q. Is q a composite number?
True
Suppose -53 = -3*l - 5. Suppose 17*p - 379 = l*p. Is p composite?
False
Suppose 5*q = -15, -319966 = 11*m - 15*m + 2*q. Suppose m = 3*o + 3*d - 40112, 4*d = -5*o + 200167. Is o prime?
True
Suppose -3*a = -16*a - 99801. Let s = -4784 - a. Is s composite?
True
Let t(q) = -3*q + 2. Let k be t(0). Suppose 3*c - k*d - 1282 = -2*c, -1044 = -4*c - 3*d. Suppose -s + 470 = 4*s - 5*y, 0 = -3*s - 5*y + c. Is s prime?
False
Let c(l) = 27*l**2 - 6*l - 12. Let h be c(-3). Let y = h - 28. Suppose 11*m - 516 = y. Is m composite?
False
Suppose -4*i = -3*r - 5, -r = -5*r + 2*i + 10. Suppose -3*m = -15, -3*m + 28349 + 6061 = r*h. Is h a composite number?
True
Let l(z) = -7*z + 43. Let q be l(5). Suppose 0 = -q*b + 2*b + 21846. Is b a composite number?
True
Let p(k) = -k**2 + 23*k - 12. Let g be p(16). Suppose 0 = 6*s - s - g. Is 7/((s/116)/5) a prime number?
False
Suppose 617*o = 629*o - 196428. Is o a composite number?
False
Suppose -5*w + 10*x - 9*x = -10, -w - 9 = 2*x. Let u be -2044 + 0 + (-1 - 0). Is 0 + (-1)/(w/u) composite?
True
Suppose 2*z = -4*l + z, -2*l = -z. Suppose l*p + d = -5*p + 2067, -2*p + 816 = -5*d. Is p a prime number?
False
Let c(o) = 2*o**2 - 18*o + 21. Let f be c(5). Let y(s) be the third derivative of s**5/20 + s**4/4 + 4*s**3/3 - 2*s**2. Is y(f) prime?
True
Let o = -410 + 3777. Suppose z - o = -2*x, -14*x + 16826 = 5*z - 13*x. Is z composite?
True
Suppose 18*o = 20*o - 38. Let j be 12/(-42) + o/(-7) - -5. Let n(c) = 2*c**3 - 3*c**2 - 2*c + 3. Is n(j) composite?
False
Suppose -4*g + 3*t = -2, -8*g + 5*g + 12 = 3*t. Suppose -g*j = -5*f + 9097, -5*f + 3*j + 6232 = -2861. Is f prime?
False
Is (-6)/(-28)*235134/27*7 composite?
False
Is (-12493 - 1)*99/(-198) a prime number?
True
Let d(g) = 7*g + 8*g - 16*g + 10*g**3 - 5*g**2 + 10 - 3*g**2 + 2*g**2. Is d(3) a composite number?
False
Let d(o) be the first derivative of 45*o**2/2 - 76*o + 70. Is d(11) a prime number?
True
Suppose -11*a = 13*a - 12184906 - 6798446. Is a composite?
True
Suppose -3*v + 81 = 5*p, 2*p = -v - 2*p + 34. Suppose v - 25 = -s. Suppose 0 = s*x - 217 - 32. Is x a composite number?
False
Suppose -5*c + 5*m = -10, -22 = -0*c - 3*c - 5*m. Let w be (7/c)/((-2)/(-8)). Is 2/2 + 2 - (-117 - w) prime?
True
Suppose 674 + 11416 = i. Is 2/(i/(-12102) + 1) prime?
True
Let a = -129003 - -242456. Is a a composite number?
False
Let j(a) = a**2 + 5*a - 21. Let o be j(-8). Suppose t = o*r - 1316, -r = 3*t - 2*t + 1300. Let p = t + 2011. Is p prime?
False
Let z be -4 - -2 - (-22)/11. Suppose z = 5*n - 6*n + 6733. Is n composite?
False
Suppose 10 = 5*j + 2*s, 6*s - 7*s + 5 = 0. Suppose 5*b = -5*r + 5165, j = r - 2*b + 4*b - 1035. Is r composite?
False
Let u = -2 + 10. Let p be 4/u + 390/4. Is ((-2)/3)/((p/(-10185))/7) a composite number?
True
Let p be 36/(-24) + 174/12. Is 30/195 - (-48345)/p a prime number?
True
Let z = 54369 - 30512. Is z prime?
True
Suppose 5*z + 381126 = -15*j + 18*j, 4*j = 2*z + 508182. Is j a composite number?
True
Suppose -3*b + 5*z = -574, 5*z = b + 8 - 196. Suppose 5*k - b = 527. Let a = k - -263. Is a composite?
True
Suppose -4*j + h + 2301592 = 431870, 4*h = -3*j + 1402301. Is j a composite number?
False
Suppose 2*x + 8 = 4*s - 20, 0 = -5*s + 10. Suppose -5*a + 0*y + 12 = -4*y, -5*y = a - 14. Is 21/(-5) + a - 55812/x a prime number?
True
Let v(l) = -52648*l - 2495. Is v(-4) composite?
True
Suppose -r - 3*r = 6312. Let t = 2453 + -5845. Let n = r - t. Is n a prime number?
False
Suppose 0 = 15*h + 322224 - 2460992 - 362257. Is h prime?
False
Suppose 4*q - 42 = 5*w, 5*q + 0*q - w = 63. Let c = 29 - q. Suppose -14*g + c*g = 4102. Is g composite?
True
Let d(c) = -3*c**2 + 26*c - 16. Let o(j) = -4*j**2 + 27*j - 16. Let g(h) = 3*d(h) - 2*o(h). Let s be g(19). Suppose -s = -5*n + 4*n. Is n a prime number?
True
Let g be (2/(-6))/((-100)/300). Let o(k) = 424*k**3 + 5*k**2 - 2*k - 5. Let c(f) = -636*f**3 - 8*f**2 + 3*f + 8. Let h(r) = 5*c(r) + 8*o(r). Is h(g) prime?
True
Let r = -117848 - -270807. Is r a prime number?
True
Suppose 4*j - 1021142 = -3*k + 878063, -3*j - 24 = 0. Is k prime?
True
Suppose 3*m + 27373 = 2*c, -8*m = c - 12*m - 13674. Let q = c + -5548. Is q a prime number?
False
Let o = -2092 - -2727. Is o composite?
True
Let t(g) = 150*g**2 + 36*g - 25. Let y be t(16). Suppose -y = -5*f + 3*i, -5*f - 31160 = -9*f + 2*i. Is f composite?
False
Is 3/((-45)/6) + 69968912/80 + 6 a prime number?
False
Suppose -6*z = 31*z + 333. Is 31085/45 + ((-8)/z)/4 a composite number?
False
Let w = 1585327 + -593276. Is w prime?
True
Suppose 2*y = -o - 11, y + 4*o + 10 = 8. Is 0/((-36)/y) - -11017 composite?
True
Let z = -198 + 198. Let u(i) be the second derivative of i**4/12 + i**3/3 + 457*i**2/2 + 2*i. Is u(z) a composite number?
False
Let n(s) = -s + 6. Let w be n(8). Let l(h) = -2 - h + 47*h**2 + 3 + 0*h. Is l(w) a prime number?
True
Suppose 5*b + 128287 = -8*l + 10*l, 0 = 4*b - 12. Is l a prime number?
True
Let d = 250 - 247. Suppose -219 = -t + 4*g, -4*t = -4*g + d*g - 846. Is t a composite number?
False
Suppose -65*t + 56*t = 0. Suppose t = -21*q + 26*q - 38585. Is q composite?
False
Let b be -3 + 0 + (46 - 41). Suppose b*v = 2*t + 207 + 1471, 2*v - t = 1678. Is v a prime number?
True
Suppose -5*i + a = -a - 1936, -10 = -5*a. Let q be (2933/14)/(1/(-2)). Let w = i - q. Is w a composite number?
True
Let b = 3188 - -60015. Is b composite?
True
Suppose -2*r + 341*i + 51048 = 340*i, -5*r + 127613 = i. Is r prime?
True
Let k(w) = 2897 + 1378*w**3 + 1658*w**3 + 2*w**2 - 2*w - 2896. Is k(1) a prime number?
True
Let r(n) = 412*n**2 - 7. Suppose -5*m + 22 = j, -4*j = -2*m - 0*m. Let h be r(m). Suppose -5*c = -0*c - h. Is c a composite number?
True
Let j be (-51 - (-3 - 1))/((-3)/6441). Suppose 67*r = 86*r - j. Is r composite?
True
Let w(f) = -f**3 - 11*f**2 + 25*f - 10. Let h be w(-13). Suppose -4*g = -j + 1355, 4574 = 5*j - h*g - 2235. Is j composite?
True
Suppose 34*h - 825194 = -12*h. Is h a prime number?
True
Let k be ((-4)/(-8))/((-3)/12*-2). Let u be (99/(-4))/((-2)/8*k). Suppose 2*j - 147 = 2*a + u, 0 = a - 4. Is j prime?
True
Let q = 82201 + -35012. Is q a prime number?
True
Let h = 42073 + 491869. Is h prime?
False
Let g = 58 - 55. Let r be (-4 + 15 + g)/1. Let x = r + 1137. Is x a composite number?
False
Let w = 45351 - -37454. Is w composite?
True
Let d(a) = 2*a**2 - 55*a - 20. Let x be d(28). Suppose -55174 = -x*n + 42642. Is n a prime number?
True
Is 28958/12*(-22 + 6 - -22) composite?
False
Let d = -7059 + -273. Let l be d/(-14) + 2/7. Let x = l + -313. Is x a composite number?
False
Let u(t) = 654*t**2 + 2*t**3 - 25 + t**3 - 653*t**2 + 26*t. Is u(9) composite?
False
Suppose 0 = -31*g + 32*g 